{"id":91657,"date":"2021-04-20T21:53:56","date_gmt":"2021-04-20T21:53:56","guid":{"rendered":"https:\/\/www.autokrata.pl\/danetechniczne\/?page_id=91657"},"modified":"2021-07-25T18:02:13","modified_gmt":"2021-07-25T18:02:13","slug":"carbodies","status":"publish","type":"page","link":"https:\/\/www.autokrata.pl\/danetechniczne\/carbodies\/","title":{"rendered":"Modele marki:  Carbodies"},"content":{"rendered":"<p>[vc_row][vc_column][vc_column_text]Marka samochod\u00f3w Carbodies to firma mieszana, posiadaj\u0105ca oddzia\u0142y w ka\u017cdym sektorze przemys\u0142u motoryzacyjnego.<br \/>\nCarbodies jest w\u0142a\u015bcicielem i operatorem r\u00f3\u017cnorodnych firm, obejmuj\u0105cych wszystkie aspekty przemys\u0142u motoryzacyjnego, od projektowania i in\u017cynierii po produkcj\u0119, dystrybucj\u0119 i sprzeda\u017c. Carbodies zaczyna\u0142o jako firma in\u017cynierska, projektuj\u0105c komponenty dla przemys\u0142u motoryzacyjnego w latach 60-tych. Z czasem wyr\u00f3s\u0142 na \u015bwiatowego dostawc\u0119 komponent\u00f3w do samochod\u00f3w.<br \/>\nCarbodies jest r\u00f3wnie\u017c jedn\u0105 z 10 najwi\u0119kszych firm na \u015bwiecie, je\u015bli chodzi o produkcj\u0119 cz\u0119\u015bci. W ka\u017cdej chwili posiada na stanie ponad 9 milion\u00f3w cz\u0119\u015bci do pojazd\u00f3w, a do ich produkcji wykorzystuje ponad 50 r\u00f3\u017cnych materia\u0142\u00f3w.[\/vc_column_text][vc_custom_heading text=&#8221;Wybierz model z marki Carbodies aby pozna\u0107 dane techniczne.&#8221; font_container=&#8221;tag:h2|text_align:center&#8221; use_theme_fonts=&#8221;yes&#8221;][vc_column_text]Aby pozna\u0107 dane techniczne samochod\u00f3w marki Carbodies wybierz z listy poni\u017cej model, kt\u00f3ry Cie interesuje:[\/vc_column_text][vc_custom_heading text=&#8221;Modele marki Carbodies:&#8221; font_container=&#8221;tag:h3|text_align:center&#8221; use_theme_fonts=&#8221;yes&#8221;][vc_empty_space]<div class=\"vc_taxonomy_listing\"><ul ><li><a href=\"https:\/\/www.autokrata.pl\/danetechniczne\/auto\/marka-carbodies\/taxi\/\">Taxi<\/a><\/li><\/ul><\/div>[vc_empty_space][vc_column_text]<mark>Krok 2 z 3:<\/mark> Aktualnie znajdujesz si\u0119 w kategorii dane techniczne dla samochod\u00f3w marki <strong> Carbodies<\/strong>. Wybierz model auta i przejd\u017a do kroku 3-go w kt\u00f3rym wybierzesz konkretny model silnikowy, rodzaj nadwozia lub wersj\u0119 samochodu i uzyskasz na jego temat dok\u0142adne dane techniczne.[\/vc_column_text][\/vc_column][\/vc_row][vc_row][vc_column][\/vc_column][\/vc_row]<\/p>\n","protected":false},"excerpt":{"rendered":"<p>[vc_row][vc_column][vc_column_text]Marka samochod\u00f3w Carbodies to firma mieszana, posiadaj\u0105ca oddzia\u0142y w ka\u017cdym sektorze przemys\u0142u motoryzacyjnego. Carbodies jest w\u0142a\u015bcicielem i operatorem r\u00f3\u017cnorodnych firm, obejmuj\u0105cych wszystkie aspekty przemys\u0142u motoryzacyjnego, od projektowania i in\u017cynierii po produkcj\u0119, dystrybucj\u0119 i sprzeda\u017c. Carbodies zaczyna\u0142o jako firma in\u017cynierska, projektuj\u0105c komponenty dla przemys\u0142u motoryzacyjnego w latach 60-tych. Z czasem wyr\u00f3s\u0142 na \u015bwiatowego dostawc\u0119 komponent\u00f3w do&#8230;<a class=\"btnReadMore\" href=\"https:\/\/www.autokrata.pl\/danetechniczne\/carbodies\/\">Czytaj wi\u0119cej<i class=\"fa fa-long-arrow-right\"><\/i><\/a><\/p>\n","protected":false},"author":1,"featured_media":0,"parent":0,"menu_order":0,"comment_status":"closed","ping_status":"closed","template":"","meta":[],"yoast_head":"<!-- This site is optimized with the Yoast SEO plugin v16.1.1 - https:\/\/yoast.com\/wordpress\/plugins\/seo\/ -->\n<title>Modele marki: Carbodies - Dane techniczne<\/title>\n<link rel=\"canonical\" href=\"https:\/\/www.autokrata.pl\/danetechniczne\/carbodies\/\" \/>\n<meta property=\"og:locale\" content=\"pl_PL\" \/>\n<meta property=\"og:type\" content=\"article\" \/>\n<meta property=\"og:title\" content=\"Modele marki: Carbodies - Dane techniczne\" \/>\n<meta property=\"og:description\" content=\"[vc_row][vc_column][vc_column_text]Marka samochod\u00f3w Carbodies to firma mieszana, posiadaj\u0105ca oddzia\u0142y w ka\u017cdym sektorze przemys\u0142u motoryzacyjnego. Carbodies jest w\u0142a\u015bcicielem i operatorem r\u00f3\u017cnorodnych firm, obejmuj\u0105cych wszystkie aspekty przemys\u0142u motoryzacyjnego, od projektowania i in\u017cynierii po produkcj\u0119, dystrybucj\u0119 i sprzeda\u017c. Carbodies zaczyna\u0142o jako firma in\u017cynierska, projektuj\u0105c komponenty dla przemys\u0142u motoryzacyjnego w latach 60-tych. Z czasem wyr\u00f3s\u0142 na \u015bwiatowego dostawc\u0119 komponent\u00f3w do...Czytaj wi\u0119cej\" \/>\n<meta property=\"og:url\" content=\"https:\/\/www.autokrata.pl\/danetechniczne\/carbodies\/\" \/>\n<meta property=\"og:site_name\" content=\"Dane techniczne\" \/>\n<meta property=\"article:modified_time\" content=\"2021-07-25T18:02:13+00:00\" \/>\n<meta name=\"twitter:card\" content=\"summary_large_image\" \/>\n<meta name=\"twitter:label1\" content=\"Szacowany czas czytania\">\n\t<meta name=\"twitter:data1\" content=\"1 minuta\">\n<script type=\"application\/ld+json\" class=\"yoast-schema-graph\">{\"@context\":\"https:\/\/schema.org\",\"@graph\":[{\"@type\":\"Organization\",\"@id\":\"https:\/\/www.autokrata.pl\/danetechniczne\/#organization\",\"name\":\"Auto Krata - Dane techniczne\",\"url\":\"https:\/\/www.autokrata.pl\/danetechniczne\/\",\"sameAs\":[],\"logo\":{\"@type\":\"ImageObject\",\"@id\":\"https:\/\/www.autokrata.pl\/danetechniczne\/#logo\",\"inLanguage\":\"pl-PL\",\"url\":\"https:\/\/www.autokrata.pl\/danetechniczne\/wp-content\/uploads\/2021\/04\/logo3.png\",\"contentUrl\":\"https:\/\/www.autokrata.pl\/danetechniczne\/wp-content\/uploads\/2021\/04\/logo3.png\",\"width\":400,\"height\":100,\"caption\":\"Auto Krata - Dane techniczne\"},\"image\":{\"@id\":\"https:\/\/www.autokrata.pl\/danetechniczne\/#logo\"}},{\"@type\":\"WebSite\",\"@id\":\"https:\/\/www.autokrata.pl\/danetechniczne\/#website\",\"url\":\"https:\/\/www.autokrata.pl\/danetechniczne\/\",\"name\":\"Dane techniczne\",\"description\":\"Dane techniczne samochod\\u00f3w\",\"publisher\":{\"@id\":\"https:\/\/www.autokrata.pl\/danetechniczne\/#organization\"},\"potentialAction\":[{\"@type\":\"SearchAction\",\"target\":\"https:\/\/www.autokrata.pl\/danetechniczne\/?s={search_term_string}\",\"query-input\":\"required name=search_term_string\"}],\"inLanguage\":\"pl-PL\"},{\"@type\":\"WebPage\",\"@id\":\"https:\/\/www.autokrata.pl\/danetechniczne\/carbodies\/#webpage\",\"url\":\"https:\/\/www.autokrata.pl\/danetechniczne\/carbodies\/\",\"name\":\"Modele marki: Carbodies - Dane techniczne\",\"isPartOf\":{\"@id\":\"https:\/\/www.autokrata.pl\/danetechniczne\/#website\"},\"datePublished\":\"2021-04-20T21:53:56+00:00\",\"dateModified\":\"2021-07-25T18:02:13+00:00\",\"breadcrumb\":{\"@id\":\"https:\/\/www.autokrata.pl\/danetechniczne\/carbodies\/#breadcrumb\"},\"inLanguage\":\"pl-PL\",\"potentialAction\":[{\"@type\":\"ReadAction\",\"target\":[\"https:\/\/www.autokrata.pl\/danetechniczne\/carbodies\/\"]}]},{\"@type\":\"BreadcrumbList\",\"@id\":\"https:\/\/www.autokrata.pl\/danetechniczne\/carbodies\/#breadcrumb\",\"itemListElement\":[{\"@type\":\"ListItem\",\"position\":1,\"item\":{\"@type\":\"WebPage\",\"@id\":\"https:\/\/www.autokrata.pl\/danetechniczne\/\",\"url\":\"https:\/\/www.autokrata.pl\/danetechniczne\/\",\"name\":\"Dane techniczne\"}},{\"@type\":\"ListItem\",\"position\":2,\"item\":{\"@type\":\"WebPage\",\"@id\":\"https:\/\/www.autokrata.pl\/danetechniczne\/carbodies\/\",\"url\":\"https:\/\/www.autokrata.pl\/danetechniczne\/carbodies\/\",\"name\":\"Modele marki: Carbodies\"}}]}]}<\/script>\n<!-- \/ Yoast SEO plugin. -->","_links":{"self":[{"href":"https:\/\/www.autokrata.pl\/danetechniczne\/wp-json\/wp\/v2\/pages\/91657"}],"collection":[{"href":"https:\/\/www.autokrata.pl\/danetechniczne\/wp-json\/wp\/v2\/pages"}],"about":[{"href":"https:\/\/www.autokrata.pl\/danetechniczne\/wp-json\/wp\/v2\/types\/page"}],"author":[{"embeddable":true,"href":"https:\/\/www.autokrata.pl\/danetechniczne\/wp-json\/wp\/v2\/users\/1"}],"replies":[{"embeddable":true,"href":"https:\/\/www.autokrata.pl\/danetechniczne\/wp-json\/wp\/v2\/comments?post=91657"}],"version-history":[{"count":2,"href":"https:\/\/www.autokrata.pl\/danetechniczne\/wp-json\/wp\/v2\/pages\/91657\/revisions"}],"predecessor-version":[{"id":92247,"href":"https:\/\/www.autokrata.pl\/danetechniczne\/wp-json\/wp\/v2\/pages\/91657\/revisions\/92247"}],"wp:attachment":[{"href":"https:\/\/www.autokrata.pl\/danetechniczne\/wp-json\/wp\/v2\/media?parent=91657"}],"curies":[{"name":"wp","href":"https:\/\/api.w.org\/{rel}","templated":true}]}}